 c.
4
Suppose p - 5*u + 37 = 4*p, -u = 4*p - 21. Let l(c) = 2*c + 8*c**2 - 2 + p + 0*c - 2*c**2. Let o be l(-2). Calculate the greatest common factor of 154 and o.
22
Suppose 2*p = -w - 0*p + 13, -1 = -2*w + p. Suppose 0 = 7*y + 114 - 198. What is the highest common divisor of y and w?
3
Suppose -9*v + 11*v = 168. Calculate the greatest common divisor of 112 and v.
28
Let d be (-2)/(-28) - (-9695)/98. Let c(y) = y**2 + 3*y + 5. Let b be c(-4). Calculate the greatest common factor of b and d.
9
Let f be (0 - -2) + (-10)/5 + 23. Let l = -4 + f. Calculate the highest common factor of 76 and l.
19
Let m = -227 - -242. What is the highest common divisor of 375 and m?
15
Let b = 433 + -432. What is the greatest common factor of 127 and b?
1
Suppose 66 = -2*f - 3*c, 0*c + 118 = -3*f + 5*c. Let m = f - -64. What is the greatest common factor of 70 and m?
14
Let u(r) = r**2 - 30*r - 169. Let o be u(-5). What is the highest common factor of 6 and o?
6
Let c(v) = v**2 - 3*v - 3. Let m be c(6). Let n = -1311 + 1321. What is the greatest common divisor of n and m?
5
Let j(z) = -z**2 - 36*z - 4. Let m be j(-34). Calculate the greatest common factor of m and 704.
64
Suppose -7*s = -2*s - 55. Let h be (0 - 5)*-1*231/15. Calculate the greatest common factor of h and s.
11
Suppose -4*m = -o - 5 + 18, 2*m - o + 9 = 0. Suppose 6*h + 5 = 11*h. Let p be (1/m)/(h/(-14)). What is the greatest common factor of p and 7?
7
Suppose -x = -3*m - 2470, -2*x - 5*m + 2*m + 4949 = 0. Suppose -530 = -21*l + x. What is the greatest common divisor of l and 11?
11
Let n(k) = 15*k**2 - 3*k + 10. Let x be n(4). What is the greatest common factor of 68 and x?
34
Let r be (-69)/9 + (-1)/3. Let j be (3 + 0)/((-2)/r). Calculate the greatest common factor of 84 and j.
12
Let g(i) = -3*i - 4. Let y be g(5). Let k = -66 + 101. Let r = k + y. What is the greatest common factor of r and 8?
8
Let y = 49 - 45. Suppose -q = -y, -f = f + 5*q - 56. Calculate the highest common factor of f and 90.
18
Let x = -70 - -102. Let l = x - 10. Let d = -221 + 331. Calculate the greatest common divisor of l and d.
22
Let s(o) = -o**2 - 12*o + 18. Suppose -5*x + 72 = -4*f, 0 = 3*f - x - x + 47. Let n be s(f). Calculate the greatest common divisor of 2 and n.
1
Let b = 195 - 170. What is the highest common divisor of 40 and b?
5
Let k be (-2*41)/(-24 + 22). Calculate the greatest common factor of 697 and k.
41
Let w(b) = -6*b + 1. Let z = -9 - -20. Let i = z - 15. Let t be w(i). Calculate the highest common divisor of t and 275.
25
Let i be (0 - 15)*(-3)/5. Let r be -3*(1 + (-33)/i). Suppose -o + 0*o = -r. What is the highest common divisor of o and 40?
8
Suppose r = -0*m - 4*m + 17, 0 = 4*m - 2*r - 14. Let h = -2 + m. Suppose -w + h*w = 42. Calculate the greatest common divisor of 6 and w.
6
Let h be (66/(-77))/((-3)/14). Let j = 5 - h. What is the greatest common divisor of j and 5?
1
Let x be (-112)/2*(1 + (-3)/(-2)). Let y = 275 + x. Calculate the greatest common divisor of 54 and y.
27
Let p(d) = -d**2 - 6*d - 4. Let k be p(-4). Suppose k*j = -4, -5*j + 6 = -2*r + 25. Let a be (6 - 1)/(r/21). What is the greatest common divisor of a and 10?
5
Let b = -920 - -931. Suppose -2*v - 3*v + 5 = 0. What is the highest common divisor of v and b?
1
Suppose 11*r - 4*g = 14*r - 752, 268 = r - 3*g. Let d be 4/6 + (-122)/3. Let x = -8 - d. What is the greatest common divisor of x and r?
32
Let o be (-1)/(-1) + 1 + 20. Let w be 4/o - (-1842)/33. Calculate the greatest common divisor of w and 140.
28
Suppose -3*f + c = -2*c - 258, 5*f = -4*c + 430. Let s = f - -14. What is the greatest common divisor of s and 25?
25
Suppose 0 = -4*s + 2*x + 196, 4*x - 157 - 51 = -4*s. What is the greatest common divisor of 475 and s?
25
Suppose 3*u = 4*u - 5*q + 17, 3*u - 29 = -5*q. Let y(i) = 2*i**2 - 12*i - u*i**2 + i + i + 2. Let w be y(-7). Calculate the highest common divisor of w and 23.
23
Let z = 34 + -24. Let a(v) = -586*v**3 + v. Let m be a(-1). Suppose 4*q = m - 145. What is the greatest common divisor of q and z?
10
Let n be ((-17)/(680/144))/((-2)/115). What is the highest common divisor of 9 and n?
9
Let j = -800 + 812. What is the greatest common divisor of 15 and j?
3
Let s be -6*(-1200)/(-54)*(-18)/8. Calculate the highest common divisor of 36 and s.
12
Let f(w) = -4*w + 11. Let u be f(2). Suppose u*p = -15, i = 10*p - 15*p + 39. Calculate the greatest common divisor of 24 and i.
8
Suppose 5*p + 2*i = -280, 3*p + 280 = -2*p + 2*i. Let n = p + 62. What is the greatest common factor of n and 2?
2
Let i = 191 + -167. Calculate the highest common factor of i and 64.
8
Let c be (-6)/51 - 2/(-17). Suppose c - 25 = -5*d. Let x be (d - 7)/(2/(-34)). What is the greatest common factor of x and 85?
17
Let d(j) = 7*j**2 - 4*j**2 - 2*j**2 - 25*j - 2*j**2 + 6. Let z be d(-23). What is the greatest common divisor of z and 13?
13
Let n(b) = 5*b**2 + 3. Let r(s) = s**2 + s. Let t(i) = -n(i) + 6*r(i). Let u be t(-9). Suppose 7*q = 8*q - u. Calculate the highest common factor of 12 and q.
12
Let j be 26 + -98 - -1*1. Let p = j - -76. Let b be (-122)/(-8) + (-2)/8. What is the highest common factor of p and b?
5
Let q(p) = p + 4. Let l be q(5). Suppose 4*n = -3*j + 313, 3*n - 210 = -3*j + j. What is the greatest common divisor of l and j?
9
Let u = 0 - -3. Let f be (-15)/(-20) - ((-36)/16 - -3). Suppose -462 = -u*m - f*m. Calculate the greatest common divisor of m and 14.
14
Let x = -949 - -963. Let i(f) = -15*f - 1. Let w be i(-1). Calculate the highest common divisor of x and w.
14
Let o be 16/56 - 33/(-7). Let k(i) = -3*i + 15. Let q be k(6). Let p = o - q. What is the highest common factor of p and 24?
8
Let t be 2/(-4)*(5 + -5). Let a be (-12)/(-8)*(2 + t). Calculate the highest common divisor of 3 and a.
3
Suppose -2*d = 6*d - 168. Suppose f - d = -3*y, -7*y = -9*y - 4*f + 24. Calculate the greatest common divisor of 48 and y.
6
Suppose 128 + 292 = 5*s. Let t be 4*(-4)/88 + (-468)/(-33). Calculate the highest common factor of t and s.
14
Let g = 459 + -158. What is the highest common divisor of g and 7?
7
Suppose -m = -68 + 95. Let c = 81 - m. Calculate the greatest common factor of c and 12.
12
Suppose 5*p + 2*c = -63 - 17, 5*c + 81 = -4*p. Let t = 21 - p. Calculate the highest common factor of 5 and t.
5
Let d(t) = t**3 + 29*t**2 - 3 + 9 + t - 21*t**2. Let l be d(-8). Let g be l*4/(-8) + 34. Calculate the greatest common factor of g and 5.
5
Let m = 383 + -258. What is the highest common factor of m and 150?
25
Suppose f - 3*h = 16, 3*f - h - 62 = -46. What is the highest common factor of 16 and f?
4
Let i(p) = 18*p - 6*p + 12 + 0*p**2 + 0*p**2 + p**2. Let z = -2 + -10. Let m be i(z). What is the greatest common factor of m and 108?
12
Let i(z) be the first derivative of 7*z**2/2 + 11*z + 1. Let g be i(11). Let p = 50 - 42. What is the highest common divisor of p and g?
8
Let r = -182 - -196. Suppose -w = -2*w + 112. Calculate the highest common factor of r and w.
14
Let k(u) = -8*u**3 + u + 1. Let f be k(-1). Let v be ((-33)/(-2))/(f/16). What is the highest common factor of 3 and v?
3
Suppose -5*k + 2150 = j, 0 = 2*k - 2*j - 3*j - 887. Let z = k + -244. Suppose 16*p - 51 = 13*p. What is the highest common divisor of p and z?
17
Let o be (-3)/12 - ((-290)/8 + -5). What is the greatest common factor of 656 and o?
41
Suppose -17*n + 778 + 1279 = 0. What is the greatest common divisor of 22 and n?
11
Let q(g) = -4*g + 81. Let w be q(0). Suppose -7*l = w - 1677. What is the highest common factor of 12 and l?
12
Suppose 128 = 3*j + 3*j - 2*v, -5*v = -4*j + 78. Calculate the highest common divisor of 1342 and j.
22
Let y(l) = -l**3 + 10*l**2 - 7*l - 20. Let k be y(9). Let f be ((-2)/k)/(4/88 - 0). Calculate the highest common divisor of f and 154.
22
Suppose -24 = -3*j - 5*d, 3*d + 4 - 13 = 0. Suppose -48 = -3*a + j*f, -f - 4*f = 3*a - 48. Calculate the greatest common factor of 80 and a.
16
Let b be (-2 - -3)/(1/2). Suppose b*n - 4 = -4*h, 0*n - 8 = 4*n. Suppose a + 3*f + f = 90, 3*a + h*f = 270. What is the greatest common factor of 18 and a?
18
Let g(h) = 21*h + 11. Let a be g(-7). Let z = -10 - a. Calculate the highest common factor of 18 and z.
18
Let q(h) = -21*h - 231. Let s(c) = 4*c + 46. Let z(j) = -3*q(j) - 14*s(j). Let 